{"id":233,"date":"2019-12-28T19:20:45","date_gmt":"2019-12-28T18:20:45","guid":{"rendered":"http:\/\/mieszko.edu.pl\/liceum\/?page_id=233"},"modified":"2022-12-08T14:34:11","modified_gmt":"2022-12-08T13:34:11","slug":"modul-humanistyczno-prawny","status":"publish","type":"page","link":"https:\/\/mieszko.edu.pl\/liceum\/o-liceum\/jak-ksztalcimy\/modul-humanistyczno-prawny\/","title":{"rendered":"Profil humanistyczny"},"content":{"rendered":"\n<p>Profil ten jest adresowany do uczni\u00f3w, kt\u00f3rzy maj\u0105 rozleg\u0142e zainteresowania humanistyczne,  interesuj\u0105 si\u0119 literatur\u0105, sztuk\u0105 i histori\u0105. To profil dla uczni\u00f3w aktywnych  i tw\u00f3rczych, lubi\u0105cych pisa\u0107 i czyta\u0107. <\/p>\n\n\n\n<p>Klasy humanistyczne s\u0105 ch\u0119tnie wybierane przez uczni\u00f3w, kt\u00f3rzy w przysz\u0142o\u015bci chcieliby studiowa\u0107: dziennikarstwo, polonistyk\u0119, prawo, politologi\u0119, resocjalizacj\u0119, pedagogik\u0119, psychologi\u0119 i wiele innych. <\/p>\n\n\n\n<p><strong>Przedmioty rozszerzone<\/strong>, kt\u00f3re ucze\u0144 realizuje wybieraj\u0105c profil, to:<\/p>\n\n\n\n<ul class=\"wp-block-list\"><li><strong>j\u0119zyk polski<\/strong><\/li><li><strong>historia<\/strong><\/li><li><strong>j\u0119zyk angielski<\/strong> <\/li><\/ul>\n\n\n\n<p>Uczniowie, kt\u00f3rzy zgodnie ze swoimi zainteresowaniami (poza przedmiotami rozszerzonymi) wybior\u0105 niniejszy profil, b\u0119d\u0105 mogli uczestniczy\u0107 w zaj\u0119ciach fakultatywnych, organizowanych poza planem zaj\u0119\u0107, mi\u0119dzy innymi s\u0105 to: <\/p>\n\n\n\n<ul class=\"wp-block-list\"><li>zaj\u0119cia artystyczne<\/li><li>k\u00f3\u0142ko fotograficzne<\/li><\/ul>\n\n\n\n<p>B\u0119d\u0105 mieli r\u00f3wnie\u017c mo\u017cliwo\u015b\u0107 uczestniczenia w konkursach literackich i historycznych, wyk\u0142adach akademickich, wyj\u015bciach do teatru, na wystawy, do muze\u00f3w.<\/p>\n","protected":false},"excerpt":{"rendered":"<p>Profil ten jest adresowany do uczni\u00f3w, kt\u00f3rzy maj\u0105 rozleg\u0142e zainteresowania humanistyczne, interesuj\u0105 si\u0119 literatur\u0105, sztuk\u0105 i histori\u0105. To profil dla uczni\u00f3w aktywnych i tw\u00f3rczych, lubi\u0105cych pisa\u0107 i czyta\u0107. Klasy humanistyczne s\u0105 ch\u0119tnie wybierane przez uczni\u00f3w, kt\u00f3rzy w przysz\u0142o\u015bci chcieliby studiowa\u0107: dziennikarstwo, polonistyk\u0119, prawo, politologi\u0119, resocjalizacj\u0119, pedagogik\u0119, psychologi\u0119 i wiele innych. Przedmioty rozszerzone, kt\u00f3re ucze\u0144 realizuje&#8230;<\/p>\n","protected":false},"author":1,"featured_media":487,"parent":174,"menu_order":1,"comment_status":"closed","ping_status":"closed","template":"","meta":{"footnotes":""},"class_list":["post-233","page","type-page","status-publish","has-post-thumbnail","hentry"],"_links":{"self":[{"href":"https:\/\/mieszko.edu.pl\/liceum\/wp-json\/wp\/v2\/pages\/233","targetHints":{"allow":["GET"]}}],"collection":[{"href":"https:\/\/mieszko.edu.pl\/liceum\/wp-json\/wp\/v2\/pages"}],"about":[{"href":"https:\/\/mieszko.edu.pl\/liceum\/wp-json\/wp\/v2\/types\/page"}],"author":[{"embeddable":true,"href":"https:\/\/mieszko.edu.pl\/liceum\/wp-json\/wp\/v2\/users\/1"}],"replies":[{"embeddable":true,"href":"https:\/\/mieszko.edu.pl\/liceum\/wp-json\/wp\/v2\/comments?post=233"}],"version-history":[{"count":16,"href":"https:\/\/mieszko.edu.pl\/liceum\/wp-json\/wp\/v2\/pages\/233\/revisions"}],"predecessor-version":[{"id":2072,"href":"https:\/\/mieszko.edu.pl\/liceum\/wp-json\/wp\/v2\/pages\/233\/revisions\/2072"}],"up":[{"embeddable":true,"href":"https:\/\/mieszko.edu.pl\/liceum\/wp-json\/wp\/v2\/pages\/174"}],"wp:featuredmedia":[{"embeddable":true,"href":"https:\/\/mieszko.edu.pl\/liceum\/wp-json\/wp\/v2\/media\/487"}],"wp:attachment":[{"href":"https:\/\/mieszko.edu.pl\/liceum\/wp-json\/wp\/v2\/media?parent=233"}],"curies":[{"name":"wp","href":"https:\/\/api.w.org\/{rel}","templated":true}]}}