{"id":3085,"date":"2024-02-28T12:01:13","date_gmt":"2024-02-28T11:01:13","guid":{"rendered":"https:\/\/mieszko.edu.pl\/liceum\/?page_id=3085"},"modified":"2024-02-28T12:17:19","modified_gmt":"2024-02-28T11:17:19","slug":"profil-matematyczno-geograficzny","status":"publish","type":"page","link":"https:\/\/mieszko.edu.pl\/liceum\/rekrutacja\/nowe-profile-ksztalcenia\/profil-matematyczno-geograficzny\/","title":{"rendered":"Profil matematyczno-geograficzny"},"content":{"rendered":"<p>Profil ten jest skierowany do uczni\u00f3w zainteresowanych naukami \u015bcis\u0142ymi, szczeg\u00f3lnie matematyk\u0105 i geografi\u0105.<\/p>\n<p>Profil matematyczno-geograficzny pozwoli uczniom zdawa\u0107 egzamin maturalny z wybranych przedmiot\u00f3w na poziomie rozszerzonym, umo\u017cliwiaj\u0105c dobry start na r\u00f3\u017cne kierunki studi\u00f3w wy\u017cszych, m.in.: ekonomi\u0119, matematyk\u0119, budownictwo, architektur\u0119, geodezj\u0119, zarz\u0105dzanie, logistyk\u0119, architektur\u0119 krajobrazu i wiele innych.<\/p>\n<p><strong>Przedmioty rozszerzone<\/strong>\u00a0realizowane na poziomie rozszerzonym to :<\/p>\n<p>\u2013<strong>\u00a0matematyka<\/strong><\/p>\n<p><strong>\u2013 geografia<\/strong><\/p>\n<p><strong>\u2013 j\u0119zyk angielski<\/strong><\/p>\n<p>Uczniowie, kt\u00f3rzy zgodnie ze swoimi zainteresowaniami wybior\u0105 profil matematyczno-geograficzny, b\u0119d\u0105 mieli mo\u017cliwo\u015b\u0107 uczestniczenia w zaj\u0119ciach fakultatywnych organizowanych poza planem zaj\u0119\u0107, np.:<\/p>\n<p>\u2013 k\u00f3\u0142ko turystyczno-krajoznawcze<\/p>\n<p>\u2013 programowanie<\/p>\n<p>\u2013 wyk\u0142ady akademickie<\/p>\n<p>\u2013 podstawy medycyny ratowniczej<\/p>\n","protected":false},"excerpt":{"rendered":"<p>Profil ten jest skierowany do uczni\u00f3w zainteresowanych naukami \u015bcis\u0142ymi, szczeg\u00f3lnie matematyk\u0105 i geografi\u0105. Profil matematyczno-geograficzny pozwoli uczniom zdawa\u0107 egzamin maturalny z wybranych przedmiot\u00f3w na poziomie rozszerzonym, umo\u017cliwiaj\u0105c dobry start na r\u00f3\u017cne kierunki studi\u00f3w wy\u017cszych, m.in.: ekonomi\u0119, matematyk\u0119, budownictwo, architektur\u0119, geodezj\u0119, zarz\u0105dzanie, logistyk\u0119, architektur\u0119 krajobrazu i wiele innych. Przedmioty rozszerzone\u00a0realizowane na poziomie rozszerzonym to : \u2013\u00a0matematyka&#8230;<\/p>\n","protected":false},"author":7,"featured_media":3093,"parent":3078,"menu_order":0,"comment_status":"closed","ping_status":"closed","template":"","meta":{"footnotes":""},"class_list":["post-3085","page","type-page","status-publish","has-post-thumbnail","hentry"],"_links":{"self":[{"href":"https:\/\/mieszko.edu.pl\/liceum\/wp-json\/wp\/v2\/pages\/3085","targetHints":{"allow":["GET"]}}],"collection":[{"href":"https:\/\/mieszko.edu.pl\/liceum\/wp-json\/wp\/v2\/pages"}],"about":[{"href":"https:\/\/mieszko.edu.pl\/liceum\/wp-json\/wp\/v2\/types\/page"}],"author":[{"embeddable":true,"href":"https:\/\/mieszko.edu.pl\/liceum\/wp-json\/wp\/v2\/users\/7"}],"replies":[{"embeddable":true,"href":"https:\/\/mieszko.edu.pl\/liceum\/wp-json\/wp\/v2\/comments?post=3085"}],"version-history":[{"count":3,"href":"https:\/\/mieszko.edu.pl\/liceum\/wp-json\/wp\/v2\/pages\/3085\/revisions"}],"predecessor-version":[{"id":3101,"href":"https:\/\/mieszko.edu.pl\/liceum\/wp-json\/wp\/v2\/pages\/3085\/revisions\/3101"}],"up":[{"embeddable":true,"href":"https:\/\/mieszko.edu.pl\/liceum\/wp-json\/wp\/v2\/pages\/3078"}],"wp:featuredmedia":[{"embeddable":true,"href":"https:\/\/mieszko.edu.pl\/liceum\/wp-json\/wp\/v2\/media\/3093"}],"wp:attachment":[{"href":"https:\/\/mieszko.edu.pl\/liceum\/wp-json\/wp\/v2\/media?parent=3085"}],"curies":[{"name":"wp","href":"https:\/\/api.w.org\/{rel}","templated":true}]}}